 389
Suppose 0 = 17*l + 436531 + 418076. What are the prime factors of l/(-91) + 4/7?
7, 79
Let r(g) = -g - 1 - 2*g + 9 + 0*g. Let w be r(2). Suppose -4*v = -w*i + 3*i - 1217, -3*v + 4*i + 927 = 0. List the prime factors of v.
5, 61
Let k = 24 + -33. Let d be 473/1 + (k - -6). Suppose -t = -4*a + 355, -t + 5*t = -5*a + d. List the prime factors of a.
2, 3, 5
What are the prime factors of 6/(-18) - 18/((-702)/488605)?
2, 3, 29
Let s(m) = 2*m + 83. Let r be s(0). Let a = 5 + r. Suppose -7 = d - a. What are the prime factors of d?
3
Let n(p) = 943*p**2 + p - 5. What are the prime factors of n(2)?
3769
Suppose -9539 = c - 4*c + 280. What are the prime factors of c?
3, 1091
Let p = 190 - 213. Let n(c) = -c**3 - 21*c**2 + 26*c + 35. List the prime factors of n(p).
3, 5, 11
Suppose -49*k = -53*k + 35292. Suppose -k = -l - 16*l. What are the prime factors of l?
3, 173
List the prime factors of (-88060)/(-6)*(2548/1624 - (-2)/(-29)).
5, 7, 17, 37
Let t(c) = -109 - 45*c + 74 - 94 - 117. What are the prime factors of t(-15)?
3, 11, 13
Suppose 3*l - 6 = 0, -2*y + 2*l + 16 = 2*y. Suppose 2*n - 9 = 3*f, -y*n = -4*f - 0*f - 40. List the prime factors of n - (-7 - (-2 + -1)).
2
Let v(w) = w**2 - 11*w - 26. Let c be v(-6). Suppose c = 23*d - 19*d. Suppose -21*y = -d*y - 46. List the prime factors of y.
23
Let b(n) = -6875 + 13*n + 10*n + 7183 + 5*n. List the prime factors of b(0).
2, 7, 11
Let v(k) = 28*k + 1. Let x be v(6). Let u = -312 + x. Let r = 34 - u. What are the prime factors of r?
3, 59
Let a be (-60)/(-12 - -6) + -3. What are the prime factors of 0 + 3188/a - (-9)/(-21)?
5, 7, 13
Suppose 2090 = 4*u + x, -5*x + 1302 = 5*u - 1303. What are the prime factors of u?
523
Let c be (-184)/56 - 4/(-14) - -20. Suppose 3*h = -2 + c. Suppose -2*z - z = 5*x - 101, -4*z - h*x = -143. What are the prime factors of z?
2, 3, 7
Suppose 5*x + 4*r + 18148 = 6*x, -54532 = -3*x + r. List the prime factors of x.
2, 3, 5, 101
Suppose -88 = -4*w - 12*c + 9*c, -33 = -w + 2*c. What are the prime factors of (-29862)/(-150) + (-2)/w?
199
Let o(n) = 3*n**2 - 12*n - 30. Let z be o(-17). Suppose 49*w - z = 46*w. What are the prime factors of w?
347
Suppose 7*s - 110 = -3*s. Let m(y) = 23*y - 32. Let d(h) = 12*h - 17. Let q(b) = s*d(b) - 6*m(b). List the prime factors of q(-15).
5, 19
Let x(t) = 17*t + 192. Let v be x(-10). Suppose -v*f = 2*i - 21*f - 1550, 770 = i + 3*f. List the prime factors of i.
2, 97
Suppose -4*h - p - 5780 = 0, 5*p + 4328 = -3*h + 6*p. Let w = -785 - h. List the prime factors of w.
659
Suppose -h + 1990 = 128*t - 127*t, -4*h = -12. What are the prime factors of t?
1987
Suppose j + g - 221 = -2*j, -5*j + 340 = -4*g. What are the prime factors of j/(0 + 1)*(-8)/(-3)?
2, 3
Let p = -3149 - -3924. What are the prime factors of p?
5, 31
Suppose -7*b + 52743 = 3*w - 9*b, 4*w + 6*b - 70272 = 0. List the prime factors of w.
3, 7, 31
Let v(g) be the third derivative of g**5/10 - g**4/12 + 2*g**3 - 49*g**2. What are the prime factors of v(8)?
2, 5, 19
Let c = -45683 + 82144. What are the prime factors of c?
19, 101
List the prime factors of (-15338*4/32)/(2/(-8)).
7669
What are the prime factors of 4 + (-78099)/(-49) + (-2)/(-14)?
2, 17, 47
List the prime factors of 86102/4 - 600/(-80).
61, 353
Let a be 2/(-3*(-4)/24). Suppose 0 = o - a - 2. Suppose -143 = -o*n + 391. What are the prime factors of n?
89
List the prime factors of (2 + -32)*(-1017240)/346.
2, 3, 5, 7
Suppose -5*v = 3*d - 28, -52 = -5*v + 4*d - d. Suppose -v*z - 2930 = -13*z + 3*t, 5*t + 2920 = 5*z. What are the prime factors of z?
19, 31
Let s be -1*(-49 + -2 + -1). Let n = 360 - 310. Let t = s - n. List the prime factors of t.
2
Suppose 991 = -10*i + 271. Let y = i - -473. What are the prime factors of y?
401
Suppose -10*q - 63 = 87. List the prime factors of (-4026)/q - 10/(-125)*-5.
2, 67
Let j be (7 - -1586)*(-5)/((-45)/(-192)). List the prime factors of (j/(-295))/(2/20).
2, 3
Let k be 20/(-10)*(-12)/2. Let l be 9/k + (-51)/4. What are the prime factors of (-94)/(-6) + 8/l?
3, 5
Let i = 193 + 81. Suppose l = -207 + i. List the prime factors of l.
67
Let d(p) = -6*p + 44. Let l be d(-8). Suppose -634 = -4*b + 2*c, c - 711 = -5*b + l. Let y = b + -41. List the prime factors of y.
7, 17
Let u = -53 + 68. What are the prime factors of 1101/u*5 - 1?
2, 3, 61
Let u(b) be the first derivative of b**4/4 + b**3/3 + 3*b**2/2 + 229*b + 47. Suppose -6*d + 3*d = 0. List the prime factors of u(d).
229
Let v(i) be the second derivative of 17*i**5/20 + i**4/12 + i**3/3 + i**2 + 11*i. Let w be v(2). Let j = w + -82. List the prime factors of j.
2
Let t be 7 - 20/6*(-6)/(-5). Suppose -t*x - 30*c + 2723 = -26*c, 8 = 4*c. What are the prime factors of x?
5, 181
Let n(q) = 133*q - 2. Let v be n(-1). Let z = -186 - v. Let u = 131 + z. List the prime factors of u.
2, 5
Let q(b) = 1. Let s(u) = -5*u + 7. Let c be (3 + (-16)/5)*(-3 + -2). Let x(d) = c*s(d) - 3*q(d). What are the prime factors of x(-2)?
2, 7
Let f(i) = 10*i**2 - 5*i - 8. Let x be -6*(14/4 + -4). Let v be (x - (1 + 1)) + 4. List the prime factors of f(v).
7, 31
Let p = -914 + 127. Let i = 1316 + p. List the prime factors of i.
23
Let r(g) = 5*g**2 + 2*g + 1. Let j be r(-1). Suppose 5*a = 2*d + 17, -3*d = 2*d - j*a + 17. List the prime factors of ((-20)/6)/(d/21).
2, 5, 7
Let b(x) = -x**3 + 8*x**2 - 8*x + 10. Let y be (124/496)/(1/(27 + 1)). Let w be b(y). Suppose 4*c = 2*c - o + 92, w*c = 4*o + 116. List the prime factors of c.
2, 11
Suppose -30171 = -5*s + 2*p, 0 = 4*s - 298*p + 295*p - 24134. What are the prime factors of s?
5, 17, 71
Let u = 8050 + -685. What are the prime factors of u?
3, 5, 491
Let h be (32/6)/(3/(-18)*-4). Suppose h*g = -g + 3141. List the prime factors of g.
349
Suppose m - 4*h - 839 = 0, 1644 + 46 = 2*m - 4*h. Let q = 1213 - m. List the prime factors of q.
2, 181
Let g be (-36)/(-1)*(260/(-12) - 0). Let w = g - -1656. What are the prime factors of w?
2, 3, 73
Let m(d) = d**3 + 53*d**2 - 84*d - 185. List the prime factors of m(-25).
5, 11, 353
Suppose -773*i + 1281660 = -691*i. What are the prime factors of i?
2, 3, 5, 521
What are the prime factors of ((-23540)/15 - (-70)/10)*-15?
5, 43, 109
What are the prime factors of 336775/15 - 4/(-48)*4?
2, 3, 1871
Suppose -4*v = -x + 4 - 6, 2*x + 16 = -4*v. Let y be x/(((-1)/38)/(-1)). Let m = y + 384. List the prime factors of m.
2, 3, 13
Let d = -114 + 118. Let o(q) = 2*q**2 - 7*q + 7. Let l be o(-6). Suppose 2*u + f - l = 174, -3*u - d*f + 435 = 0. List the prime factors of u.
149
Suppose -119 = -11*o - 20. Suppose -o*k = -9548 - 406. What are the prime factors of k?
2, 7, 79
Suppose -23 + 992 = 3*k. Let x = k + -76. What are the prime factors of x?
13, 19
Let i(o) = 9535*o - 4855*o - 4813*o - 9. Suppose -h - 3 = m, 3 + 1 = -3*m + 2*h. List the prime factors of i(m).
257
List the prime factors of (-38)/437 - ((-3 - -10) + (-1192257)/69).
2, 17, 127
Let j(z) = z**3 - 7*z**2 + 2*z - 25. Let y be j(9). Let g = -1194 + 2051. Suppose -g + y = -9*i. List the prime factors of i.
2, 3, 13
Let c = -1 + 1. Suppose 3*l + 339 = -5*a - 39, c = -2*l - a - 259. Let o = 212 + l. What are the prime factors of o?
3
Suppose 7 = 6*c - 11. Suppose c*y + 444 = q + 1210, -5*q - 528 = -2*y. Suppose y = s + 17. What are the prime factors of s?
3, 79
Suppose 0 = -9*s + 6*s + 2940. Suppose 10*f + 0*f = s. List the prime factors of f*(-2)/(-4)*1.
7
Let b(w) = -159*w - 19 + 25 + 13 + 97. List the prime factors of b(-8).
2, 347
Let h(t) = 30*t**2 - 50*t + 33. What are the prime factors of h(4)?
313
Suppose 78 = 2*h + j, 85*j - 84*j = -2. Suppose -32130 = -h*a - 14*a. List the prime factors of a.
5, 7, 17
Let q(l) = -5*l - 17. Let j be q(-4). Suppose 0 = -5*s - 5*f - 1960, 6*f - j*f - 9 = 0. What are the prime factors of ((-36)/10)/(-3)*s/(-2)?
3, 79
Let x = -903 + 1383. Let r = x - 123. What are the prime factors of r?
3, 7, 17
Suppose -31*l + 14*l = 3621. Suppose 0 = 2*y + 152 - 748. Let v = y + l. What are the prime factors of v?
5, 17
Let c = 2469 - 854. List the prime factors of c.
5, 17, 19
Let d(m) = 32*m + 1309. Let q be -1*(-6 + -4 + 10). List the prime factors of d(q).
7, 11, 17
Let o(w) = -w**2 - 10*w. Let a be o(-5). Suppose 3*h = -2*h + a, 0 = 2*z + h - 53. Suppose -5*f + 3*s + z = 2, 0 = 2*s + 8. What a